{"id":2252,"date":"2025-02-17T00:55:33","date_gmt":"2025-02-16T21:55:33","guid":{"rendered":"https:\/\/omerfarukyavascay.com\/?page_id=2252"},"modified":"2025-02-28T21:08:53","modified_gmt":"2025-02-28T18:08:53","slug":"omer-faruk-yavascay-ile-yuruyus-2","status":"publish","type":"page","link":"https:\/\/omerfarukyavascay.com\/?page_id=2252","title":{"rendered":"\u00d6mer Faruk Yava\u015f\u00e7ay ile Y\u00fcr\u00fcy\u00fc\u015f"},"content":{"rendered":"\n<div class=\"wp-block-columns is-layout-flex wp-container-core-columns-is-layout-1 wp-block-columns-is-layout-flex\">\n<div class=\"wp-block-column is-layout-flow wp-block-column-is-layout-flow\"><\/div>\n\n\n\n<div class=\"wp-block-column is-layout-flow wp-block-column-is-layout-flow\">\n<figure class=\"wp-block-image size-full is-style-default has-lightbox\"><a href=\"https:\/\/omerfarukyavascay.com\/?page_id=2248\"><img loading=\"lazy\" decoding=\"async\" width=\"1024\" height=\"768\" src=\"https:\/\/omerfarukyavascay.com\/wp-content\/uploads\/2025\/02\/image-4.jpg\" alt=\"\" class=\"wp-image-2253\" srcset=\"https:\/\/omerfarukyavascay.com\/wp-content\/uploads\/2025\/02\/image-4.jpg 1024w, https:\/\/omerfarukyavascay.com\/wp-content\/uploads\/2025\/02\/image-4-300x225.jpg 300w, https:\/\/omerfarukyavascay.com\/wp-content\/uploads\/2025\/02\/image-4-768x576.jpg 768w\" sizes=\"auto, (max-width: 1024px) 100vw, 1024px\" \/><\/a><\/figure>\n\n\n\n<h2 class=\"wp-block-heading has-text-align-center has-cyan-bluish-gray-color has-text-color has-link-color has-x-large-font-size wp-elements-34df5cd5d3fef5220a0aaf0068df09e2\"><a href=\"https:\/\/omerfarukyavascay.com\/?page_id=2248\">YILI<\/a><\/h2>\n<\/div>\n\n\n\n<div class=\"wp-block-column is-layout-flow wp-block-column-is-layout-flow\"><\/div>\n<\/div>\n","protected":false},"excerpt":{"rendered":"<p>YILI<\/p>\n","protected":false},"author":1,"featured_media":0,"parent":0,"menu_order":0,"comment_status":"closed","ping_status":"closed","template":"","meta":{"footnotes":""},"class_list":["post-2252","page","type-page","status-publish","hentry"],"_links":{"self":[{"href":"https:\/\/omerfarukyavascay.com\/index.php?rest_route=\/wp\/v2\/pages\/2252","targetHints":{"allow":["GET"]}}],"collection":[{"href":"https:\/\/omerfarukyavascay.com\/index.php?rest_route=\/wp\/v2\/pages"}],"about":[{"href":"https:\/\/omerfarukyavascay.com\/index.php?rest_route=\/wp\/v2\/types\/page"}],"author":[{"embeddable":true,"href":"https:\/\/omerfarukyavascay.com\/index.php?rest_route=\/wp\/v2\/users\/1"}],"replies":[{"embeddable":true,"href":"https:\/\/omerfarukyavascay.com\/index.php?rest_route=%2Fwp%2Fv2%2Fcomments&post=2252"}],"version-history":[{"count":2,"href":"https:\/\/omerfarukyavascay.com\/index.php?rest_route=\/wp\/v2\/pages\/2252\/revisions"}],"predecessor-version":[{"id":2301,"href":"https:\/\/omerfarukyavascay.com\/index.php?rest_route=\/wp\/v2\/pages\/2252\/revisions\/2301"}],"wp:attachment":[{"href":"https:\/\/omerfarukyavascay.com\/index.php?rest_route=%2Fwp%2Fv2%2Fmedia&parent=2252"}],"curies":[{"name":"wp","href":"https:\/\/api.w.org\/{rel}","templated":true}]}}